= 0. Let h be (0/3)/(0 + i). Suppose h*d + 4 = 4*d - 4*l, 2*d = -5*l + 37. What is the units digit of d?
6
What is the units digit of 144 + 0 - (-3 + 1)?
6
Suppose 0 = 3*o - 2*a - 658, -2*o - 2*o = -5*a - 875. What is the units digit of (-16)/(-10)*o/8?
4
Let b(v) = -10*v + 4. What is the units digit of b(-5)?
4
Suppose -5*z - 5*t = -95, -4*z - 6*t + 3*t + 78 = 0. Let v = 0 + z. What is the tens digit of v?
2
Suppose 0 = 4*q + 6 + 10. Let a be (-1 - q)*(-16)/(-6). Suppose 0 = 2*d + 2*d - a. What is the units digit of d?
2
Let l = -1 - -1. Suppose -c - 3 = -l. What is the units digit of 10 - (2 - 8)/c?
8
Let d = 11 - 9. Let t be 1169/(-77) - (-2)/11. What is the units digit of (-1)/(3/t) - d?
3
Suppose 0 = 5*t - 153 - 232. What is the units digit of t?
7
Let t(h) = 3 + 2*h - 2 - 3. Let b be t(-3). Let z(j) = -j**2 - 8*j + 2. What is the units digit of z(b)?
2
Let l(n) = -1. Let d(y) = -8*y + 11. Let b(q) = -d(q) - 2*l(q). What is the tens digit of b(5)?
3
Let z be 83 + 0/(5 + -3). Suppose -4*o = -4*f - o + z, -5*f + 98 = 2*o. What is the tens digit of f?
2
Suppose 9 + 1 = 5*g. Suppose -6*o + g*o + 16 = 0. What is the units digit of o?
4
What is the units digit of 276*(-8 + 4 + 38/8)?
7
Let s = 43 - 28. Let d = s + -10. Suppose 0 = -d*j - q + 58, 4*q = -3*j - 0*q + 28. What is the units digit of j?
2
Suppose -m + 2*m - 4*t - 41 = 0, m - 2*t = 41. What is the tens digit of m?
4
Suppose 0 = 3*l - 2*l - 2. Suppose 0 = -5*w - 3*d - 19, -4*d = 5*w + d + 15. What is the units digit of (-2)/(-2) - l - w?
4
Let t(p) = 3*p**2 + 2*p - 1. Let a = -3 + 1. Let z be t(a). Suppose 0*w + z = w. What is the units digit of w?
7
Let y(l) = 4*l - 75. What is the tens digit of y(25)?
2
Suppose -5*s + 4*b = -214, -s - 4*b + 34 = -4. Suppose s + 10 = 4*k. What is the tens digit of k?
1
Suppose 2*v - 45 = -v. Let g(t) = 2*t + 3. Let d be g(-6). Let i = d + v. What is the units digit of i?
6
Suppose -4*z + 43 = -37. What is the tens digit of z?
2
Let z = 4 - -2. Suppose -28 = -z*u + 2*u. Let i = u + -4. What is the units digit of i?
3
Suppose -2*j + 9 = -1. Suppose -8*b + 48 = -j*b. Suppose v - 6 = -v + p, 2*p + b = 5*v. What is the units digit of v?
4
Suppose 2*d = -a + 3*d + 159, 2*a = 5*d + 327. What is the hundreds digit of a?
1
Let o(b) = -b**3 + b**2 + 3*b - 2. Let h be o(2). Suppose h*m - 5*m = -85. What is the tens digit of m?
1
Suppose -3*h - 3*z - 45 = -8*h, 9 = -h - 3*z. What is the units digit of h?
6
Let z = -9 + 14. Suppose -7 = 5*u - z*g + 58, -4*g - 18 = u. What is the units digit of (u + -1)/(-3) + 1?
6
Suppose -4*g = 2*g - 90. What is the units digit of g?
5
Let m(u) be the second derivative of 0*u**2 - u + 0 + 2/3*u**3. What is the units digit of m(2)?
8
Let n be 2/2 + 2 + 1. Suppose 2 = -5*t + 3*t - 4*k, n*k + 65 = 5*t. What is the units digit of t?
9
Suppose 5*w = -3 - 2. Let d = w - -4. What is the units digit of d?
3
Suppose -l = 2*o - 6*o - 12, -18 = -2*l + 5*o. Suppose l*t - 51 = -3*y, t + t - 22 = 2*y. What is the units digit of t?
2
Suppose -2*g - 6 = 2*s - s, -2*s - g = 3. Suppose -2*l + 76 = 3*i, l + s*i - 38 = -2*i. What is the units digit of l?
8
Suppose -2*f + z = -12, 2*z = 2*f - 9 - 5. What is the units digit of (0 + -1)/(f/(-10))?
2
Let z(r) = 8*r**2 - 5*r - 4. Let h(n) = 8*n**2 - 4*n - 3. Let j(u) = 6*h(u) - 5*z(u). What is the units digit of j(2)?
6
Let c = 5 + -3. Suppose c*n + 3 = 11. Suppose 3*k = -n + 16. What is the units digit of k?
4
Let s(w) be the third derivative of w**5/30 + w**4/4 - w**3/2 + 4*w**2. What is the tens digit of s(-5)?
1
Let s(w) = -8*w**3 + 4*w**2 - 2*w - 2. Let d be s(2). Let a = -38 - d. Suppose a = -q + 3*q. What is the units digit of q?
8
Suppose -3 - 2 = -n, 4*n = 5*v - 555. What is the units digit of v?
5
Let b be -17*(-3 + 0/2). Suppose -u + b = 11. Suppose -5*h + 25 = -u. What is the units digit of h?
3
Let j(y) be the second derivative of y**3/6 + 3*y**2/2 - 2*y. Let f be (1/2)/(3/24). What is the units digit of j(f)?
7
Let y(v) = -v + 2. Let w be y(5). Let j(m) = 4*m**3 + 3*m**2 + 3*m + 1. Let g(a) = a**3 - a**2 + a. Let z(u) = w*g(u) + j(u). What is the units digit of z(-6)?
1
Suppose 4*x + 40 = 3*r, x + 10 + 3 = r. What is the units digit of (-43)/(-4) - (-3)/r?
1
Suppose 3*j - 2*j - 13 = 0. Suppose 8 + j = 3*m. What is the units digit of m?
7
Suppose 19 - 3331 = -9*o. What is the hundreds digit of o?
3
Suppose -5*r = 0, q = 3*q + 3*r + 16. What is the units digit of (-50)/q + 4/(-16)?
6
Let h = 220 + -147. What is the tens digit of h?
7
What is the units digit of -1 - -3 - (-216)/9?
6
Suppose -2*j = -4*f + 18, 5*f = 3*j - j + 22. What is the units digit of f?
4
Suppose 4*g - g - 5*a - 22 = 0, g + 3*a = 12. What is the units digit of g?
9
Let a = 6 - -6. What is the units digit of a?
2
Let p = 51 - -173. What is the hundreds digit of p?
2
Let r(d) = -4*d + 3*d - 5*d + 2*d. Let p be r(-1). Suppose 2*x + 2*x = 3*h + 22, p*h = -2*x + 22. What is the units digit of x?
7
Suppose j - 44 = -11. Suppose -3*i - j = -69. What is the tens digit of i?
1
Let i(y) = y**3 - 16*y**2 + 14*y + 21. What is the units digit of i(15)?
6
Suppose 8 - 2 = -o. Let k be (172/o)/((-10)/15). Suppose 5*t - 128 = -k. What is the units digit of t?
7
Let r(d) = d**2 + 6*d - 8. What is the tens digit of r(-9)?
1
Let j(o) = 2*o**2 + 2*o - 2. Let w be j(-2). Let h be 18/12 - w/(-4). Let d = h - -3. What is the units digit of d?
5
Suppose -n + 234 = 2*f + 2*f, 4*n + 4*f - 996 = 0. What is the hundreds digit of n?
2
Suppose -c - 4 = -3*c. Let r be (5 - 2) + (-2)/c. Suppose 0 = r*i + q - 7, -3*i + 5*i - 4*q = 12. What is the units digit of i?
4
Suppose -h = 4*h - 50. What is the units digit of 4/h - 340/(-25)?
4
Let l(z) = 3*z**3 - 6*z**2 + z + 1. What is the hundreds digit of l(4)?
1
Let y be 63/(-15)*(-10)/1. Suppose -4*p = -18 - y. What is the units digit of p?
5
Suppose -j = 3*g - 61, j + 97 = 5*g + 5*j. What is the tens digit of g?
2
Suppose -28*d + 291 = -25*d. What is the units digit of d?
7
Let j = 5 - -2. Suppose 5*z - 2 = -5*c - j, -z = 4*c - 11. Let g(n) = n**3 + 6*n**2 + 6*n + 6. What is the units digit of g(z)?
1
Let b be 21/(-28)*(-56)/(-2). Let r = b + 23. What is the units digit of r?
2
Suppose 9 = -10*t + 11*t. What is the units digit of t?
9
Suppose -t = 2*t + 2*o - 3, 0 = -t - 2*o + 5. Let u(p) = 7*p**2 + p. What is the units digit of u(t)?
6
Let a(h) be the second derivative of 7*h**3/2 - h**2/2 + 3*h. What is the tens digit of a(1)?
2
What is the units digit of -1 - 1970/(-55) - (-2)/11?
5
Suppose 5*i + 7 = 122. Suppose 2*u - 2*s = 79 - i, 2*u - 68 = -4*s. What is the units digit of u?
0
Suppose -y + 64 = y. Suppose 2*t - 116 = -y. Suppose 14 = -4*k + t. What is the units digit of k?
7
Let f(b) = b**2 + 5*b + 2. Let l be f(-3). What is the units digit of 2/(-1)*(l + 2)?
4
Let o = 2 - 3. What is the tens digit of (-23)/(-1*(-1)/o)?
2
Suppose 3*v = -2*v + 15. Let b = 10 - v. What is the units digit of b?
7
Suppose 86 = 4*p + 5*o, 2*p + 4*o - 34 = 6. What is the tens digit of p?
2
Let o(v) = v**3 + 5*v**2 + 4*v - 4. Suppose -2*w - 8 = 3*w + 3*x, 0 = 5*x - 20. Let d be o(w). What is the units digit of ((-2)/d)/(1/6)?
3
What is the tens digit of -5*(-4)/((-12)/(-9))?
1
Suppose 16 = 14*u - 10*u. What is the units digit of u?
4
Let v = -16 + 29. What is the tens digit of v?
1
Let n(d) = -3*d**2 - 3*d. Let p be n(-2). Let r = -30 - -43. Let s = p + r. What is the units digit of s?
7
Let u(d) be the first derivative of d**2 - 5*d - 4. What is the units digit of u(6)?
7
Let t(l) = l**2 + 5*l + 12. Let k be t(-9). Suppose 3*x = -k + 198. What is the units digit of x?
0
Let g(p) = -p**3 - 17*p**2 + 36*p + 6. What is the tens digit of g(-19)?
4
Let g = 91 + -51. What is the units digit of g?
0
Let u(i) be the second derivative of i**4/12 + i**3/2 - 7*i**2/2 + 4*i. What is the units digit of u(-6)?
1
Let y = 6 + 0. Suppose 0 = -b + y*b + 120. Let s = b - -36. What is the tens digit of s?
1
Let s(f) = 2*f. Let l be s(1). Suppose 0 = l*w - 34 - 38. What is the units digit of w?
6
Let u be (2 + -1)*-1 - -6. Suppose 0 = -5*t - u*z + 55, -3*t + 4*z = 3*z - 37. What is the units digit of t + 2/(-1 - 1)?
1
Suppose 0*a + 4*a = 0. Suppose 4*q - 85 + 13 = a. What is the units digit of q?
8
Suppose 7*o - 181 = 6*o. What is the hundre